 60 = -5*u. What is the remainder when 1 is divided by (3/u)/(2/10)?
0
Suppose 57 = 2*v - 43. Suppose -4*p = -3*p - v. Calculate the remainder when p is divided by 13.
11
Let h = 64 - 25. What is the remainder when h is divided by 10?
9
Let s = 20 - 8. Let t = 6 - 4. Suppose 32 = 4*r - 4*k, t*k - 5*k = -4*r + 31. Calculate the remainder when s is divided by r.
5
Suppose -4*t = -c + 3, 4*c + 2*t + 6 = -0*c. Let p = -50 - -73. Calculate the remainder when p is divided by (14/6 + c)*6.
7
Suppose 5*v - 2*v - 164 = -f, 0 = 2*v + 2*f - 108. Calculate the remainder when v is divided by 28.
27
Suppose 0 = -2*x - 4*t + 6, 3*x + 24 = -x + 4*t. Calculate the remainder when 30 is divided by 19 + (-6)/((-6)/x).
14
Let m(h) = h + 4. What is the remainder when 6 is divided by m(0)?
2
Let n be (4/10)/((-1)/30). Let i = n + 29. What is the remainder when 50 is divided by i?
16
Let g(l) = 37*l - 1. What is the remainder when 177 is divided by g(1)?
33
Let i be 0 - (-4 + 2 - -6). Let y = 7 - i. Calculate the remainder when 2 + 20 + (-2)/2 is divided by y.
10
What is the remainder when -4 + 0 - 68/(-2) is divided by 5 - ((-2 - -4) + -5)?
6
Let g = 79 + -56. What is the remainder when g is divided by 6?
5
What is the remainder when 21 is divided by 10 - ((-3)/2 + (-6)/(-12))?
10
Let s(g) = 2*g**2 + 10*g - 23. Calculate the remainder when s(-9) is divided by 10.
9
Let k(g) = -2*g**2 - g + g**2 - 1 + g**3 + 5. Let q be k(0). Suppose -34 = -q*n - 2*u, 3*u = -4*n - 0*n + 33. Calculate the remainder when 15 is divided by n.
6
Let r = -70 + 48. Let y = -16 - r. What is the remainder when 28 is divided by y?
4
Let k(s) = -2*s - 1. Let y be k(-8). Suppose -3*l + 39 = -y. What is the remainder when l is divided by 5?
3
Let q be (-5)/(-4) - (-6)/8. Suppose 73 - 15 = 3*t - 5*d, -d + 30 = q*t. What is the remainder when -1 - 135/(-3) - -1 is divided by t?
13
Let s = 1 + 2. Suppose x + u = -2*u + 11, 2*x + 2 = 2*u. Let b = x - 0. What is the remainder when s is divided by b?
1
Suppose -5 + 21 = 4*s. Suppose 2*n - s*n = -8. What is the remainder when 10 is divided by n?
2
Suppose -1 = -4*h - 13. Let s = 10 + h. Let c = 8 - 4. What is the remainder when s is divided by c?
3
Let o(h) = h**3 - 5*h**2 + 6*h - 1. Let d be o(4). Let t be -1 - 1 - (5 - d). What is the remainder when (-1 - (t + -5)) + 2 is divided by 4?
2
Suppose 0 = -v + 166 + 102. Let k be v/(-6) - 4/(-6). Let j = k + 76. Calculate the remainder when j is divided by 11.
10
Let f(s) = s**2 + 8*s - 4. What is the remainder when f(5) is divided by -3*(-4 - 2) + -2?
13
Let b(s) = -6*s. What is the remainder when 70 is divided by b(-3)?
16
Let l(b) = -b**3 + 6*b**2 - 3*b + 6. Calculate the remainder when l(4) is divided by 15.
11
Let f be (-1 - 0)/(1/(-3)). Suppose 4*c - 8*c - 204 = -u, 153 = -f*c - 4*u. Let g = c - -85. What is the remainder when g is divided by 12?
10
Let a(i) = -i - 7. Let v be a(-7). Suppose 0*q + 3*q = -k + 61, -q + k + 23 = v. Calculate the remainder when q is divided by 8.
5
Let g(p) = 2*p**3 - 19*p**2 - 6*p + 1. What is the remainder when 122 is divided by g(10)?
40
Let s(n) = 7*n - 19. What is the remainder when s(10) is divided by 26?
25
Let v = 7 + -14. Let h(m) = -3*m - 2. Calculate the remainder when h(v) is divided by (2/6)/((-5)/(315/(-3))).
5
Let p be 20/2*7/2. Suppose -r - 2*b + p = 15, 4*r + 4*b - 64 = 0. What is the remainder when r is divided by 7?
5
Suppose -2*m + 3*u + u = -20, 4*m = -u + 4. What is the remainder when m is divided by 1?
0
Let k be (-3)/(-4) - (-15)/(-20). Suppose -3*x + 5*x - 54 = k. Calculate the remainder when x is divided by 10.
7
Let b = -8 - -19. What is the remainder when b is divided by 4?
3
Suppose -3*s + 25 + 86 = 0. Calculate the remainder when s is divided by 10.
7
Let s = 9 + -3. Let l(g) = -g**3 + 8*g**2 - 3*g + 12. What is the remainder when l(s) is divided by 17?
15
What is the remainder when -2 + (43 - 2 - 0) is divided by 14?
11
Let b(m) = -m**2 + 10*m - 12. What is the remainder when 71 is divided by b(4)?
11
Let h = -18 - -90. Suppose 2*k + 18 = h. Calculate the remainder when k is divided by 7.
6
Suppose -5*c + 3*w + 10 = 0, 5*c + 0*w - 15 = 2*w. Suppose c*o + 119 = -11. Calculate the remainder when 34 is divided by 14*(o/(-14) + -1).
10
Suppose 5*k - k - 4 = 4*h, 3*k - 2 = 2*h. Let y = 3 + k. What is the remainder when 33 is divided by 1/y + 52/6?
6
Suppose -p - k = k - 22, 5*p + 5*k = 125. Let y(w) = -w**3 - 7*w**2 - 7*w - 8. Let x be y(-6). Calculate the remainder when p is divided by (14 - -1)/(x - -3).
13
Suppose -4*d + d + 12 = -3*k, -4*d + 9 = 3*k. Suppose 2*t - 4*t - d*n = 187, -4*t = -n + 367. Let b = -49 - t. Calculate the remainder when b is divided by 15.
13
What is the remainder when 29 is divided by 1/(3/45*1)?
14
Let g = -165 + 255. Calculate the remainder when 34 is divided by 18/24 + g/8.
10
Let a = 13 + 104. Calculate the remainder when a is divided by 24.
21
Suppose 2*t - w - 88 = 2*w, -5*t + w + 220 = 0. Suppose 4 = -4*f + t. Calculate the remainder when f is divided by 4.
2
Suppose 3*r - 4*g - 209 = 0, 0 = -2*r - 5*g + 23 + 124. Let c = r + -31. Calculate the remainder when c is divided by 21.
19
Let h(v) = 2*v**2 - 3*v + 2. Suppose 3*g - 19 = -a, -4*a - g = -47 - 7. What is the remainder when a is divided by h(2)?
1
Let c = -16 + 11. Let s(o) = o**3 + 5*o**2 - 2*o - 5. Let d be s(c). Suppose d*l - 10 - 15 = 0. Calculate the remainder when 14 is divided by l.
4
Let s = -19 - -32. Calculate the remainder when 47 is divided by s.
8
What is the remainder when 26 is divided by 1/(3 - 164/56)?
12
Let l(v) = v - 2. Let n be (-8)/(-1) + (-4)/2. Calculate the remainder when 78/9*18/12 is divided by l(n).
1
Let k(g) = -g**3 - 3*g**2 + 3*g - 8. What is the remainder when 106 is divided by k(-5)?
25
Let v(f) = -f**3 - 4*f**2 - 2*f + 2. Let i be v(-3). Calculate the remainder when i + (14 - (-2)/(-2)) is divided by 7.
5
Suppose -4*d - z + 71 = 4*z, 0 = 4*d - 5*z - 81. Let f = 4 + -1. Suppose 2*b - 15 = -3*o, 0 = -o + 5*b + 2 + f. Calculate the remainder when d is divided by o.
4
Let x(s) = -29*s. Let b be (-15)/9 - 10/(-15). What is the remainder when x(b) is divided by 10?
9
Let h(m) = -23*m. Let p be h(1). Let w = 59 + p. What is the remainder when w is divided by 13?
10
Calculate the remainder when 243 is divided by 246/5 - (6/(-30))/(-1).
47
Let u = 148 + -99. What is the remainder when u is divided by 13?
10
Suppose -3 = -2*r + 27. What is the remainder when 43 is divided by r?
13
Let u(j) = -j**2 - j + 10. Let p = 6 + -3. What is the remainder when u(0) is divided by p?
1
Suppose -4*k = 2*p - 98, -3*p + 4*k + k + 103 = 0. Calculate the remainder when p is divided by 14.
13
Let j = 21 - 6. Suppose 0 = 7*m - 3*m - 80. Suppose -3*n = m - 107. Calculate the remainder when n is divided by j.
14
Suppose -64 = 11*r - 15*r. Let a be (3 + -2)*-2 + 2. Suppose 0 = n - a*n + w - 56, 2*n - 3*w = 137. What is the remainder when n is divided by r?
13
Let v(p) = -p + 3. Calculate the remainder when v(1) is divided by 1.
0
Suppose -3*y + 2*x + 14 = 0, -4*x + 44 = y + 2*y. What is the remainder when y is divided by 6?
2
Let o(u) = u - 3 + 10*u + 6*u - 5*u. Calculate the remainder when o(2) is divided by 12.
9
Suppose 4*w = -f + 21, -3 = -5*w + 5*f + 17. Let g(q) = q + 4. What is the remainder when g(8) is divided by w?
2
Suppose s + 59 = 2*d + 6*s, -2*s + 44 = 2*d. Let n(r) = r**2 - 2*r + 3. Calculate the remainder when d is divided by n(3).
5
Suppose 20 = -4*t - 4. Let x = t + 13. Calculate the remainder when x is divided by -2 + 1 - (-1 + -3).
1
Suppose -5*l + 2*w + 77 = 27, -2*l + 5*w + 41 = 0. Calculate the remainder when 110 is divided by l.
6
Calculate the remainder when -3 + -2 + 0 + 2 + 178 is divided by 44.
43
Suppose 0 = 8*s - 6*s - 2. Let q = s - -1. Suppose q*h + 0*h = 32. What is the remainder when 46 is divided by h?
14
Let t = 5 + 13. Calculate the remainder when t is divided by -5*2/(4/(-2)).
3
Suppose -j + 5*a + 59 = 0, 0*a = 5*j + 4*a - 208. Suppose -u = u - j. Calculate the remainder when 65 is divided by u.
21
Let j be 1 - 1 - (2 + 0). Let c be ((-8)/10)/(j/10). Suppose 3*y = c*y - 23. What is the remainder when y is divided by 8?
7
Suppose -2*a + 2*t + 83 + 33 = 0, 232 = 4*a + 4*t. Calculate the remainder when a is divided b